s 3338011297 composite?
True
Is 2571403453 composite?
True
Is 1837370503 a composite number?
False
Is 2489229689 composite?
True
Is 2207214827 a prime number?
True
Is 18141390611 prime?
False
Is 252034918 composite?
True
Is 17068364479 prime?
False
Is 102301161199 a composite number?
False
Is 86150394269 a composite number?
True
Is 11423408813 prime?
False
Is 3402971903 a composite number?
False
Is 417490217 a prime number?
True
Is 345909341 a prime number?
True
Is 690398393 composite?
False
Is 7423996241 composite?
False
Is 21068730613 a prime number?
False
Is 838803934 a prime number?
False
Is 645766327 composite?
False
Is 65195727973 composite?
False
Is 13897947509 prime?
True
Is 130751093827 composite?
True
Is 1439076871 a composite number?
True
Is 45736917179 composite?
False
Is 104745877 prime?
True
Is 36870605201 prime?
False
Is 25443538253 composite?
True
Is 17630961319 prime?
True
Is 23747657039 a composite number?
True
Is 57876283753 a prime number?
True
Is 1335960155 prime?
False
Is 28818972503 composite?
False
Is 15691485317 composite?
False
Is 43319447735 composite?
True
Is 1282637953 composite?
False
Is 300165159617 prime?
True
Is 33220970227 a composite number?
True
Is 48132527279 a composite number?
False
Is 1516634059 a composite number?
False
Is 9014212001 a prime number?
False
Is 19697988523 a composite number?
False
Is 331774279 a composite number?
True
Is 422780359 prime?
False
Is 5691610259 composite?
False
Is 5385448099 prime?
True
Is 12306202 composite?
True
Is 1792769369 composite?
False
Is 3064616473 a composite number?
False
Is 461818813 prime?
False
Is 320444687 prime?
True
Is 589584559 a prime number?
False
Is 695127131 composite?
False
Is 31786444111 a prime number?
True
Is 647439791 a composite number?
False
Is 202247905 a prime number?
False
Is 10966508789 prime?
False
Is 7254974963 a composite number?
False
Is 3109408621 a composite number?
True
Is 83475226645 composite?
True
Is 3970300949 composite?
False
Is 6322530031 a prime number?
False
Is 303733890439 a composite number?
True
Is 25890300305 composite?
True
Is 67437563 a composite number?
False
Is 5748214259 a composite number?
True
Is 48534141197 a composite number?
False
Is 140566429373 a prime number?
False
Is 3888918343 prime?
True
Is 9393306737 a prime number?
False
Is 8814239053 composite?
False
Is 3763194067 a prime number?
False
Is 111318621 prime?
False
Is 5109556447 a composite number?
False
Is 1269389801 a prime number?
False
Is 395899274 prime?
False
Is 39030712151 prime?
True
Is 6917776991 a prime number?
True
Is 2158209983 composite?
False
Is 7918727137 composite?
False
Is 706443563 prime?
False
Is 659641877 composite?
False
Is 2004063707 a prime number?
True
Is 12088013911 prime?
True
Is 49041823 prime?
True
Is 79327328021 prime?
False
Is 22313210167 composite?
False
Is 1241254669 prime?
False
Is 19222014109 a prime number?
True
Is 4551461401 composite?
False
Is 38147941267 composite?
True
Is 87694543847 composite?
True
Is 411945803 a prime number?
False
Is 1027925161 a composite number?
True
Is 419338903 prime?
True
Is 7702728979 a composite number?
True
Is 2090195581 composite?
True
Is 1667389819 composite?
False
Is 4704913841 composite?
False
Is 39968260153 a prime number?
False
Is 7395549313 prime?
True
Is 1556501879 prime?
False
Is 4178442889 composite?
False
Is 488008981 prime?
True
Is 3233936243 a prime number?
True
Is 4554814831 composite?
True
Is 50763484571 prime?
False
Is 9729634091 a composite number?
False
Is 27029349847 prime?
False
Is 279069163 a composite number?
True
Is 385698529 a composite number?
True
Is 3795368341 a prime number?
True
Is 21705549967 composite?
False
Is 25992748931 a prime number?
True
Is 376400397811 composite?
False
Is 1961957311 prime?
False
Is 17884229119 composite?
False
Is 13626833147 composite?
False
Is 1472909929 a composite number?
False
Is 1499984285 prime?
False
Is 4550594234 prime?
False
Is 10695956101 a composite number?
True
Is 2614288687 composite?
True
Is 6353020237 prime?
True
Is 1316509789 composite?
True
Is 818237159 composite?
True
Is 325711733 a prime number?
True
Is 2322537989 a prime number?
False
Is 4134617687 prime?
True
Is 1224662023 composite?
True
Is 15154100061 a composite number?
True
Is 2551353503 a prime number?
False
Is 4412103727 a composite number?
True
Is 101874505769 a composite number?
False
Is 20851478477 a prime number?
True
Is 287829757 a prime number?
False
Is 2511661951 prime?
False
Is 12279194121 a prime number?
False
Is 488316979 composite?
True
Is 509268281 a composite number?
True
Is 550719761 prime?
True
Is 48781127947 a prime number?
True
Is 32515124989 composite?
True
Is 8101098949 composite?
False
Is 282522211 prime?
True
Is 246634693 prime?
True
Is 4152355537 prime?
False
Is 19394977057 composite?
False
Is 15646735217 a prime number?
True
Is 72779533093 a prime number?
True
Is 138651806 prime?
False
Is 1632753527 prime?
False
Is 5477407423 a composite number?
True
Is 96719431 a prime number?
True
Is 2428223497 a composite number?
True
Is 382875893 a prime number?
False
Is 11127056251 a prime number?
True
Is 11192875517 a prime number?
False
Is 39975781 composite?
False
Is 244302901 a composite number?
True
Is 8811716597 a composite number?
True
Is 4144596887 a prime number?
True
Is 1604940979 a composite number?
False
Is 81280132459 a composite number?
True
Is 541919407 composite?
True
Is 246454423741 a prime number?
True
Is 111824884673 a prime number?
False
Is 2273665223 a composite number?
True
Is 2217051937 a prime number?
True
Is 3822851191 a composite number?
False
Is 885914167 composite?
False
Is 21838763 a composite number?
False
Is 123913369 prime?
False
Is 22256809903 composite?
True
Is 8335126859 a prime number?
True
Is 3175450793 prime?
False
Is 814525919 a prime number?
True
Is 87247933427 a composite number?
True
Is 5578144609 composite?
True
Is 15052073263 a composite number?
True
Is 805361863 prime?
False
Is 2061382913 composite?
True
Is 52024663289 a composite number?
False
Is 3317914399 composite?
True
Is 4266870991 a composite number?
False
Is 76134592841 a composite number?
True
Is 8903730959 prime?
False
Is 3403389233 prime?
False
Is 59137531373 a composite number?
True
Is 1024611946 prime?
False
Is 21422785427 a prime number?
False
Is 1125007333 composite?
True
Is 11631123919 composite?
False
Is 17936161963 a composite number?
False
Is 1539987949 prime?
True
Is 1958179121 composite?
True
Is 11467338593 prime?
False
Is 4636716197 a composite number?
False
Is 3860991271 a prime number?
True
Is 4010821 prime?
False
Is 3231463289 a composite number?
False
Is 614039551 composite?
False
Is 94013341 a composite number?
True
Is 2376796091 a prime number?
True
Is 325328977 a prime number?
False
Is 1761197881 composite?
True
Is 1311362513 prime?
False
Is 8862434053 prime?
False
Is 683039153 prime?
True
Is 34788813 a prime number?
False
Is 1884114431 a prime number?
True
Is 337789373 composite?
True
Is 267686987 a prime number?
True
Is 84721807 prime?
True
Is 79646640763 composite?
True
Is 8329751771 prime?
False
Is 25502234161 a composite number?
False
Is 224682119 a prime number?
True
Is 8284942961 a composite number?
True
Is 57321404443 composite?
False
Is 14059948333 a prime number?
True
Is 136052529331 a prime number?
False
Is 1236928219 prime?
True
Is 1258126079 a composite number?
True
Is 813069221 composite?
False
Is 1750773757 a composite number?
False
Is 9493262449 a composite number?
True
Is 11607332629 composite?
False
Is 12570971 prime?
False
Is 186399793 prime?
True
Is 8444701073 a composite number?
True
Is 797699801 composite?
True
Is 15721783067 a prime number?
False
Is 44768538823 a composite number?
True
Is 248018341 composite?
True
Is 1271515373 a composite number?
True
Is 4382227669 a prime number?
True
Is 284646811 composite?
False
Is 1032568679 a prime number?
True
Is 17057531399 prime?
True
Is 31695747703 a composite number?
False
Is 12581674207 a composite number?
False
Is 2063782797 a composite number?
True
Is 17727139369 a composite number?
False
Is 724552343 a composite number?
False
Is 1150138603 a prime number?
False
Is 13386549049 composite?
False
Is 3730742219 a prime number?
True
Is 4134804959 a prime numbe